 + -6. Suppose 0*j + j - x = 0. Suppose -w + j = w. What is the units digit of w?
5
Let t be (-3)/(-6)*2 + -7. Let l be (-2 + 28/t)*-6. What is the units digit of l/16*(-16)/(-10)?
4
Suppose -62*c = -60*c - 398. What is the hundreds digit of c?
1
What is the units digit of -3*((-100)/12 + -2)?
1
Suppose 0 = 3*i - 9, 5*q - i - 141 = q. What is the units digit of q?
6
Suppose -3*i = -29 - 49. What is the units digit of i?
6
What is the tens digit of -2 + (-2)/(10/(-285))?
5
Suppose -4*n - f = 2*f - 404, 0 = 4*f + 16. What is the tens digit of n?
0
Suppose 3*y + 32 = 5*y. Suppose y + 24 = 2*q. What is the tens digit of q?
2
Suppose -2*d - 3 = -4*g + d, 3*g = 3*d. Suppose 2 - 50 = -g*b. What is the units digit of b?
6
Suppose 4*t - 4 = -x - 5, -5*x + 11 = 4*t. Suppose x*m = 24 + 42. What is the tens digit of m?
2
Suppose 5*g + 3*o - 201 = 0, 0*g - 2*g + 4*o + 96 = 0. What is the units digit of g?
2
Let f(y) = y**3 + 16*y**2 + 15*y - 16. What is the units digit of f(-14)?
6
Suppose -4*s + j = -41, -2*j - 7 = -s - 5*j. What is the tens digit of s?
1
Suppose 0*c + 213 = 5*h + 2*c, -3*h + 3*c = -111. Suppose 0 = -4*p + h + 19. What is the units digit of p?
5
Let c = 1 + 1. Suppose 3*a - 1 - c = 0. Suppose -h = a - 4. What is the units digit of h?
3
What is the tens digit of 4/(-6)*(-2862)/36?
5
Let j = 77 - 49. What is the tens digit of j?
2
Suppose -o + 572 = 3*o - 4*s, 4*s = 0. What is the hundreds digit of o?
1
Suppose 2*u + u + 636 = 0. Suppose -a = 1 - 5. What is the tens digit of u/(-18) - a/(-18)?
1
Suppose -4*p = 5*y + 30, y - 6*y - 5*p = 25. What is the units digit of 2*1 + (-3 - y)?
9
Let a = -45 + 213. What is the tens digit of a?
6
Let j = 12 + -9. Suppose 0 = j*s - 2*u - 50, -2*u + 80 = 3*s + 2*u. Let v = -4 + s. What is the units digit of v?
6
Let j be 1 - 2 - (4 - 10). Suppose -84 = z - j*z. What is the tens digit of z?
2
Let u(d) = d + 10. Let x be u(-5). Suppose -3*p - 2*p = -x*i - 70, -p = 5*i - 8. What is the tens digit of p?
1
Suppose -c + 5 = 0, -3*t + 5*c + 12 = -155. What is the tens digit of t?
6
Let u(q) = 39*q**2 + 29*q - 1. Let j(t) = 13*t**2 + 10*t. Let c(o) = -17*j(o) + 6*u(o). What is the tens digit of c(2)?
5
Suppose 5*v - 43 = -3*r, -2*r + 18 = v + 1. Suppose r*k - 25 = 5*k. What is the units digit of k?
5
Suppose -5*k + 5*w - 6 = -4*k, 0 = 5*k - 4*w - 12. Suppose -2*i + 46 = f, 3*i + f = k*f + 78. What is the units digit of i?
4
Let k be 6/9 - 1/(-3). Suppose -4 = -3*d - k. Suppose 0 = -s + 8 - d. What is the units digit of s?
7
What is the units digit of 3/7 - 806*(-3)/42?
8
Let c = -28 - -40. What is the units digit of c?
2
Suppose 21 = 5*m - 19. Suppose -6*k + m = -2*k. What is the units digit of k?
2
What is the units digit of 2/(-5) + (-74)/(-10)?
7
Let n be -3 - (0 - (17 + 3)). What is the tens digit of -1 + n - 3/(-3)?
1
Let d(i) = i - 4. Let r be d(10). Let y be 30/9*(-3)/2. Let u = y + r. What is the units digit of u?
1
Let q(j) = j**2 + 1. Let d be q(1). Suppose 0 = 5*u - d - 3. What is the units digit of ((-27)/6)/(u/(-2))?
9
What is the tens digit of (-148036)/(-612) + -1 + 20/18?
4
Let o(t) be the third derivative of -t**6/120 - t**5/60 + t**3/2 + 2*t**2. Let v be o(0). Let r = v + 0. What is the units digit of r?
3
Suppose -2*b - 2*h + 78 = h, 5*h = -5*b + 205. Let r be 128/(-12)*-6*1. Let p = r - b. What is the tens digit of p?
1
Suppose 5*u - 2*v - 267 = 0, 0 = -4*v - 4. What is the tens digit of u?
5
Let x = 143 + -44. What is the tens digit of x?
9
Let v = 8 - 4. Let n = 6 - v. Suppose 3*f = -5*l + 5 + 41, 4*f + 8 = n*l. What is the units digit of l?
8
What is the tens digit of ((-185)/10)/((-1)/2)?
3
Let a(o) = o**3 - 11*o**2 + 10*o + 4. What is the units digit of a(10)?
4
Let k(y) = y**3 + 1. What is the units digit of k(4)?
5
Let m = -13 + 19. Suppose 0 = -x - u + 6, 0*u - 4*u - m = -2*x. What is the units digit of x?
5
Let s be (-1 - -2)*(2 - 2). Let c(a) = a + 20. What is the units digit of c(s)?
0
What is the tens digit of (9/18)/((-2)/(-284))?
7
Let g be (-260)/(-12) - 1/(-3). Let h = g + -11. Suppose -29 - h = -4*q. What is the units digit of q?
0
Suppose -3*w = 3*f, 5 = 4*f - 4*w - 11. Suppose -d + 12 = 3*d + f*s, 0 = d + 3*s - 3. What is the units digit of d?
3
Let m be 1*1/(-2)*0. Suppose m = -3*t - t. Suppose t = 4*s + s - 5. What is the units digit of s?
1
Let h(g) be the second derivative of g**3 + g**2 + 5*g. What is the units digit of h(5)?
2
Let o(v) = -v**2 - 4*v + 4. Let d be o(-4). Suppose w - d = 4. What is the units digit of w?
8
Let a be 20/6 + (-2)/(-3). Let r(u) = 6*u**2 - 5*u - 6. Let h(z) = 7*z**2 - 5*z - 7. Let n(o) = 5*h(o) - 6*r(o). What is the units digit of n(a)?
5
Let d be 3/1 + -1 + -2. Let r(w) = -w**3 - 2*w**2 + w - 1. Let k be r(-3). Suppose d*h = h - k. What is the units digit of h?
5
Let d(c) = -16*c - 1. Let m be d(-3). Let n = m + -19. Suppose -17 - n = -3*f. What is the units digit of f?
5
Suppose -3*x = -0*x + 5*o - 999, -2*x - 5*o = -671. What is the hundreds digit of x?
3
Let t(p) = p**3 - 7*p**2 + 2*p - 10. Let v(z) = -8 + 8 - z. Let c be v(-7). What is the units digit of t(c)?
4
What is the units digit of (1364/(-66))/(-3*(-4)/(-162))?
9
Let y be (1/(-2))/(3/180). Let o = y + 57. Suppose 4*h = h + o. What is the units digit of h?
9
Let t be (-21 + 8/(-2))*-1. Suppose -t = 5*p, -21 - 29 = -3*c + p. What is the tens digit of c?
1
Let w = 137 + -91. What is the tens digit of w?
4
What is the units digit of 163 - ((4 - 4) + -1*1)?
4
Let b(k) = 8*k + 8. Let h be b(-5). Let n = h + 68. What is the units digit of n?
6
Let k(v) be the third derivative of -v**4/24 + 43*v**3/6 + 6*v**2. What is the units digit of k(0)?
3
Let o = 29 + 6. What is the units digit of o?
5
Let m(h) be the first derivative of h**3/3 + 11*h**2/2 + h - 5. What is the units digit of m(-11)?
1
Let r(a) = -3*a - 1. Suppose 0 = 2*k - k - 3. Let n be (-1 - -2)/((-1)/k). What is the units digit of r(n)?
8
Let x = 31 - -5. What is the units digit of (18/12)/(2/x)?
7
Let v(p) = p**3 - 6*p**2 + 3*p - 3. Let w be v(6). Let k = -21 - -12. Let n = k + w. What is the units digit of n?
6
Suppose 203 = x + 3*q, -x + 201 = -0*x + 5*q. What is the hundreds digit of x?
2
Let i(a) = -2*a**3 - 6*a**2 - 2*a - 6. What is the tens digit of i(-4)?
3
What is the tens digit of ((-6)/(-18))/((-2)/(-330))?
5
Let h = -27 - -5. Let c be -3 - 1 - (-18 - -17). What is the units digit of h/c + 14/21?
8
Let i(z) = 2*z - 9. Let k be i(11). Let q = 15 - k. What is the units digit of q?
2
Let a(q) = 21*q + 3. Let l be a(4). Suppose 0 = -2*s + 4*w + 68, -4*s + l = -2*w - 37. Suppose -8*d + s = -3*d. What is the units digit of d?
6
Let i be (-3)/2*(-20)/6. Suppose 5 = d + a - 3*a, i*a + 14 = 4*d. Suppose 11 + d = 3*o. What is the units digit of o?
4
Suppose 3*w = 5*w - 54. What is the tens digit of w?
2
Let h be 1592/40 - (-2)/10. Let y = -15 + h. What is the units digit of y?
5
Let b(u) = 7*u - 34. What is the tens digit of b(14)?
6
Suppose 10 = 2*l, -6*n + 3*l + 3 = -3*n. Let x(y) = 5*y - 4. What is the tens digit of x(n)?
2
Suppose 0 = 4*g - 0*g + 12. Let c be (11 + -1)/(3/g). Let d = -3 - c. What is the units digit of d?
7
Let p(s) = -s**3 + 8*s**2 + 9*s + 5. Let q be p(9). Suppose -3*f - 220 = -8*f. Suppose q*y - g - f = g, -16 = -y + 4*g. What is the units digit of y?
8
Suppose a = -6*a + 7. What is the units digit of a?
1
Suppose -5*p - 4*z = -18, 4*p - p + 3*z = 9. Let b = p - -1. Let f = b + -4. What is the units digit of f?
3
Let z(q) = -q**3 - 2*q**2 - 13. What is the hundreds digit of z(-6)?
1
Let u be (6/(-4))/((-9)/12). Suppose 0 = -5*g - 5*j, 2*g + 6*j = u*j - 8. Suppose g*d - 24 = 3*h + 37, 0 = -4*d - 2*h + 46. What is the units digit of d?
3
Let o = 748 - 478. What is the tens digit of o?
7
Suppose q = 3*b - 263, -2*q - q = -3. What is the units digit of b?
8
Let a(l) = l**3 - 4*l**2 + 2*l - 4. Let o = -1 + 5. Let y be a(o). Suppose 3*f = 6, 3*b - 3*f - 16 + y = 0. What is the units digit of b?
6
Suppose -5*v + 6*v - 4 = 0. Suppose -w - 2*y + 11 = -7*y, 4*y - 68 = -v*w. What is the tens digit of w?
1
Let y be (1 - 2)*-3*1. What is the units digit of 0 - -1 - (1 - y)?
3
Let f(a) = -1 + 2 + 0*a - 3*a. Let d be f(4). Let n = -4 - d. What is the units digit of n?
7
What is the units digit of 1 - -1*(-56)/(-4)?